((7 - 16) + -52941)?
4
Suppose -2*v - 4*w + 975 + 4457 = 0, 0 = -5*v - 4*w + 13538. What is the tens digit of v?
0
Suppose 2*y + 4*s = -8, 9 = 3*y + 5*s - 6*s. Suppose 0 = -3*d - y*f + 7*f + 1432, 0 = 2*d + f - 959. What is the hundreds digit of d?
4
Suppose 50 = 3*h + 8. Suppose 52*p + 820 - 144 = 0. Let o = h - p. What is the tens digit of o?
2
Let g(v) = 19*v**2 - v + 43. What is the units digit of g(-7)?
1
Suppose -1282338 - 476694 + 207400 = -37*j. What is the tens digit of j?
3
Suppose m + 252 = u - 843, 6 = 3*m. Suppose -4*i - 5*w = -2139, 0 = -5*i + 7*i - 3*w - u. What is the hundreds digit of i?
5
Let u(n) = -2*n**3 + 7*n**2 - 8*n + 8. Let j(h) = 9*h**3 - 30*h**2 + 32*h - 34. Let t(f) = -6*j(f) - 26*u(f). What is the thousands digit of t(-9)?
1
Let k be (-1)/(-3 + 7 - 5). Let u be 59/k + (-24)/6. Suppose -3*b + u = -182. What is the tens digit of b?
7
Let j = -383 + 380. Let v(r) = -222*r + 2. What is the units digit of v(j)?
8
Let y(g) = 241*g + 3862. What is the tens digit of y(0)?
6
What is the tens digit of (750 - 22) + 44/4?
3
Suppose t + m = 6*m + 2470, -2*m = -t + 2470. Suppose -11*i - 1482 = -3*u - 10*i, t = 5*u + 5*i. What is the tens digit of u?
9
Suppose -12*j = -19*j + 21. Suppose 3*b - 40*v - 603 = -41*v, 612 = j*b + 4*v. What is the hundreds digit of b?
2
Suppose -7*z = g - 5*z - 1, 3 = -2*g + z. Let n be (-970)/20*(-2)/g. Let r = n + 170. What is the tens digit of r?
7
Let y(n) = n**3 + 128*n**2 + n + 11064. What is the ten thousands digit of y(0)?
1
Let y(c) = 4968*c - 138. What is the hundreds digit of y(3)?
7
Let c = -8913 - -13118. What is the thousands digit of c?
4
Let w = -735 + 761. What is the units digit of 2*461 - (w - 25)?
1
Let m(r) = 12*r - 54. Let g(c) = -2*c + 8 - 5 + 11 + 8. Let w be g(6). What is the units digit of m(w)?
6
Let v = 492 - 489. Suppose -4*b + 6*r - v*r = -1466, -5*b = -2*r - 1836. What is the units digit of b?
8
Suppose 57*c - 214654 = 85280. What is the tens digit of c?
6
Let n(z) = 5*z**2 + 4*z - 2. Let j be n(1). Suppose -2*x + j*x = 2540. What is the units digit of x?
8
Let f(m) = m**3 + 27*m**2 - 46*m - 233. Let w be f(-28). Let u = -459 - -267. Let q = u + w. What is the tens digit of q?
7
Let n be 12/9*(-27)/(-12). Suppose -n*a = 15, u + 19 = -4*a + 167. Suppose -v + 0*v = 2*s - 59, 3*v - u = 3*s. What is the units digit of v?
7
Suppose -l - 2 = 1. What is the hundreds digit of -3 - (-247 + l + -3 + 3)?
2
Let n = -233 - -237. Suppose 0 = n*c + 5*y - 4075, 11*y - 14*y = 2*c - 2039. What is the units digit of c?
5
What is the units digit of 9/6*(-67)/(-402) - (-8091)/4?
3
Let u = 343 - 407. Let p = 158 - u. What is the units digit of p?
2
Let t(b) = -9*b**3 + 5*b**2 + 80*b + 441. What is the ten thousands digit of t(-16)?
3
Suppose 15*b = 5*b + 7280. Let w = b + -304. What is the units digit of w?
4
Suppose 2 = -4*j + 10. Suppose 0 = -4*m + j*o + 3318, 4*m - 5*o = 5*m - 813. What is the units digit of m?
8
What is the hundreds digit of (-129285)/(-75) - (-4)/(-5)?
7
Let l be 2*(-6 + -322) - 5. Let s = 945 + l. What is the hundreds digit of s?
2
Let k(j) = 3193*j**2 - 228*j - 666. What is the hundreds digit of k(-3)?
7
Let a = -20 + 15. Let v be -36 - (-2)/(a/5). Let i = 69 + v. What is the tens digit of i?
3
Suppose 3*y = -o + 16, 4*o - 14 = -42*y + 40*y. What is the hundreds digit of (26/1)/o*(3 + 24)?
7
Let c(p) = -12*p**2 - 12*p - 7. Let i be c(-2). Let l(d) = -12*d + 3. Let g be l(3). Let n = i - g. What is the units digit of n?
2
Let p = 32 + -50. What is the units digit of (-277)/(-3) - ((-168)/p - 9)?
2
Let i(h) = 31*h**3 - 3*h**2 - 23*h + 170. What is the ten thousands digit of i(12)?
5
Suppose -122*m - 3*k = -121*m - 10182, 20 = -5*k. What is the hundreds digit of m?
1
Let j = -136 + 132. What is the units digit of ((-620)/93)/(j/6)?
0
What is the hundreds digit of ((-1404)/(-8) + 7 + -4)*22?
9
Let d(n) = 279*n**2 - 2*n + 4. Let g be d(-2). Let z = g - 572. What is the hundreds digit of z?
5
Let u(c) = -c**3 + 23*c**2 - 9*c + 6. What is the hundreds digit of u(8)?
8
Suppose 208*m - 14112 = 199*m. What is the tens digit of m?
6
Let b be 6/(-9)*-9 - -5. Suppose 21*v - 1450 = b*v. Let f = v + -134. What is the units digit of f?
1
Let v(o) = -2*o**3 + 8*o**2 - 6*o + 4. Let t be v(3). Suppose -k - 5*p + 547 = -t*p, 0 = 3*p + 12. What is the tens digit of k?
5
Let n(m) = 16 - 17*m + m + 5*m**3 + 2*m + 3*m. What is the units digit of n(4)?
2
Suppose 19*x - 14*x - 15661 = 4*b, -x - b + 3134 = 0. What is the units digit of x?
3
Let z be (-151 - 1)/(4/(-14)). Let p be 0*((-1)/(-102)*-39 - (-4)/(-34)). Suppose -j + p*j = -4*w - 145, -4*w = -4*j + z. What is the hundreds digit of j?
1
Suppose 208061 - 18998 = 13*l + 31282. What is the thousands digit of l?
2
What is the units digit of 15016125/(-575)*8/(-10)?
2
Let s(h) = -h**3 + 5*h**2 + 14*h + 8. Let b be s(7). Suppose b*i - 5*i + 10914 = 0. What is the units digit of 1*2/(-5) - i/170?
1
Suppose 0 = 4*p + 5*x - 2500, 0 = 3*p + 5*x - 2044 + 164. Suppose -3*v - p = -7*v. Let n = v - 80. What is the units digit of n?
5
Let r be -5 + 2 + 306 + 2. Suppose -r = -3*t - i, 6*i = 3*t + 3*i - 309. Let m = 364 - t. What is the units digit of m?
2
Let r = -114 + 241. Suppose z + r = 3*z + h, 3*h = z - 46. Let f = z - 24. What is the units digit of f?
7
Let b = -65 + 69. Let x be (-4 + 24/b)*(1 + 0). What is the hundreds digit of 153 - (x - (-4 + 4))?
1
Let r(i) = 1635*i**2 - 1122*i - 4476. What is the hundreds digit of r(-4)?
1
Let i be (-12)/(-30) - (-10311)/(-15). Let d = -381 - i. What is the hundreds digit of d?
3
Let h(o) be the second derivative of -o**4/12 - 11*o**3/6 - 11*o**2 - 5*o. Let l be h(-6). What is the hundreds digit of 4 + ((-468)/l)/(2/(-4))?
1
Let p(s) = -695*s**3 + 7*s**2 + 37*s + 31. What is the hundreds digit of p(-3)?
7
Let m(l) = 6316*l**3 + 3*l**2 - 16*l + 13. What is the hundreds digit of m(1)?
3
Let y = -2710 - -23672. What is the thousands digit of y?
0
Let f(c) = 1 + 4*c - 4 + 32. Let k be f(-21). Let l = k + 80. What is the units digit of l?
5
Let l be (-4)/8 - (-2)/((-8)/(-122)). Suppose -l = 8*w + 2*w. What is the units digit of (0 - 4)/(-8)*(-360)/w?
0
Suppose -7618*o = -7569*o - 180075. What is the hundreds digit of o?
6
Let x be (-33)/(-77) - (-6)/(-14). Suppose x = -3*w - 0*h + 2*h + 436, 0 = 4*w - 4*h - 576. What is the tens digit of w?
4
What is the hundreds digit of 10/(-35) - -6430*12/21?
6
Let c = -21202 - -34938. What is the thousands digit of c?
3
Let p(v) = -v**3 + 13*v**2 - 95*v - 182. What is the ten thousands digit of p(-22)?
1
Let x(c) = -c**3 + 3*c**2 + 4*c + 5. Let r be x(-5). Suppose -59 = -o + 2*n, -r = -7*o + 4*o + 2*n. Let j = 120 - o. What is the tens digit of j?
5
Suppose 0 = -6*w + 8*w - 464. Let v(b) = b + 57. Let c be v(5). Let d = w - c. What is the hundreds digit of d?
1
Let b = -102 - -1419. Suppose 24*p - 29*p + 1649 = -a, -4*p + 3*a = -b. What is the hundreds digit of p?
3
Let g be ((-10)/4)/((-10)/4460). Suppose 2*t + g = 7*t. Suppose -152 = -l - 4*y - 36, 2*l + 5*y = t. What is the hundreds digit of l?
1
Let h(w) = 11*w**3 + 11*w**2 + 49*w - 89. Let a(c) = 5*c**3 + 6*c**2 + 24*c - 44. Let q(x) = 13*a(x) - 6*h(x). What is the tens digit of q(13)?
2
Suppose -4*t - t + 3*n = -29, -3*n - 13 = -t. What is the tens digit of (t + -42)/((-12)/426)?
4
Suppose 28984 = -9*d + 80001 + 247288. What is the ten thousands digit of d?
3
Suppose -2*b = 4*b - 5*b. Suppose -p - 1 = 2*n, -4*p + n + 23 = -b*n. Suppose 6*q = 5*q - 1, -p*q = l - 48. What is the tens digit of l?
5
Let f(t) = 29*t + 1. Let n be f(-1). Let p = 147 + -79. Let y = n + p. What is the tens digit of y?
4
Suppose 2*r = -2*g + 18, -15 = -6*r + r. Suppose 20*z = 21*z - 138. What is the units digit of z/g*(3 - (0 - -2))?
3
Suppose 0*o - 5*o = -30. Let j(i) = 453*i + 4. Let l be j(o). Suppose 798 = -13*w + l. What is the hundreds digit of w?
1
What is the hundreds digit of 15 - (-10 + 50988/(-14))?
6
Suppose -15*t = 15*t - 20610. Let w = 88 + t. What is the tens digit of w?
7
What is the tens digit of (465/(-5))/((62580/(-2611))/(-4) - 6)?
6
Suppose -4*l - l = -15. Suppose 16*v + 3974 = 4038. Suppose 2*b - 4*g + 146 = v*b, 150 = 2*b + l*g. What is the units digit of b?
1
Let i = -2722 - -5688. What is the tens digit of i?
6
Let 